{"id":14,"date":"2024-06-10T11:51:42","date_gmt":"2024-06-10T14:51:42","guid":{"rendered":"https:\/\/www.biogatesplanet.cl\/?page_id=14"},"modified":"2025-02-02T11:53:31","modified_gmt":"2025-02-02T14:53:31","slug":"productos","status":"publish","type":"page","link":"https:\/\/www.biogatesplanet.cl\/index.php\/productos\/","title":{"rendered":"Productos"},"content":{"rendered":"\t\t<div data-elementor-type=\"wp-page\" data-elementor-id=\"14\" class=\"elementor elementor-14\">\n\t\t\t\t<div class=\"elementor-element elementor-element-dc72753 e-grid e-con-boxed e-con e-parent\" data-id=\"dc72753\" data-element_type=\"container\">\n\t\t\t\t\t<div class=\"e-con-inner\">\n\t\t\t\t<div class=\"elementor-element elementor-element-40c8db2 elementor-position-top elementor-widget elementor-widget-image-box\" data-id=\"40c8db2\" data-element_type=\"widget\" data-widget_type=\"image-box.default\">\n\t\t\t\t<div class=\"elementor-widget-container\">\n\t\t\t\t\t<div class=\"elementor-image-box-wrapper\"><figure class=\"elementor-image-box-img\"><img decoding=\"async\" width=\"155\" height=\"153\" src=\"https:\/\/www.biogatesplanet.cl\/wp-content\/uploads\/2024\/06\/WhatsApp-Image-2024-06-10-at-10.22.13-AM.jpeg\" class=\"attachment-full size-full wp-image-52\" alt=\"\" srcset=\"https:\/\/www.biogatesplanet.cl\/wp-content\/uploads\/2024\/06\/WhatsApp-Image-2024-06-10-at-10.22.13-AM.jpeg 155w, https:\/\/www.biogatesplanet.cl\/wp-content\/uploads\/2024\/06\/WhatsApp-Image-2024-06-10-at-10.22.13-AM-100x100.jpeg 100w\" sizes=\"(max-width: 155px) 100vw, 155px\" \/><\/figure><div class=\"elementor-image-box-content\"><h3 class=\"elementor-image-box-title\">AGROSAN<\/h3><p class=\"elementor-image-box-description\">Fue dise\u00f1ado para todo tipo de suelo agr\u00edcola,apoyando el crecimiento de plantaciones  y por el otro lado acelerando  la regeneraci\u00f3n del suelo agr\u00edcola o forestal.\nAPLICACIONES\nBioestimulante natural\nactivador y recuperador de suelo en base a\nla biotecnolog\u00eda agricola.<\/p><\/div><\/div>\t\t\t\t<\/div>\n\t\t\t\t<\/div>\n\t\t\t\t<div class=\"elementor-element elementor-element-2f341fd elementor-position-top elementor-widget elementor-widget-image-box\" data-id=\"2f341fd\" data-element_type=\"widget\" data-widget_type=\"image-box.default\">\n\t\t\t\t<div class=\"elementor-widget-container\">\n\t\t\t\t\t<div class=\"elementor-image-box-wrapper\"><figure class=\"elementor-image-box-img\"><img decoding=\"async\" width=\"161\" height=\"154\" src=\"https:\/\/www.biogatesplanet.cl\/wp-content\/uploads\/2024\/06\/WhatsApp-Image-2024-06-10-at-10.22.15-AM-4.jpeg\" class=\"attachment-full size-full wp-image-46\" alt=\"\" \/><\/figure><div class=\"elementor-image-box-content\"><h3 class=\"elementor-image-box-title\">ARBOSAN<\/h3><p class=\"elementor-image-box-description\">Es un suplemento que funciona como vitalizador y acelerador de crecimiento. Que adem\u00e1s equilibra el sistema Fitosanitario de las plantas y ayuda a potenciar su metabolismo.\n\nAPLICACIONES\nIncorporaci\u00f3n directa en suelo\nAplicaci\u00f3n incorporada en riego\nAbonadura al voleo.<\/p><\/div><\/div>\t\t\t\t<\/div>\n\t\t\t\t<\/div>\n\t\t\t\t<div class=\"elementor-element elementor-element-0758cf8 elementor-position-top elementor-widget elementor-widget-image-box\" data-id=\"0758cf8\" data-element_type=\"widget\" data-widget_type=\"image-box.default\">\n\t\t\t\t<div class=\"elementor-widget-container\">\n\t\t\t\t\t<div class=\"elementor-image-box-wrapper\"><figure class=\"elementor-image-box-img\"><img decoding=\"async\" width=\"155\" height=\"151\" src=\"https:\/\/www.biogatesplanet.cl\/wp-content\/uploads\/2024\/06\/WhatsApp-Image-2024-06-10-at-10.22.16-AM.jpeg\" class=\"attachment-full size-full wp-image-51\" alt=\"\" \/><\/figure><div class=\"elementor-image-box-content\"><h3 class=\"elementor-image-box-title\">FLORASAN<\/h3><p class=\"elementor-image-box-description\">Aumenta y vitaliza la multiplicaci\u00f3n celular, adem\u00e1s refuerza el sistema inmunol\u00f3gico propio de sus Flores y Hierbas lo cual los hace m\u00e1s resistentes a ataques de par\u00e1sitos y enfermedades.Flores y Hierbas ya da\u00f1ados pueden regenerarse mejor y mas r\u00e1pido utilizando.APLICACIONES\nIncorporaci\u00f3n directa en suelo\nAplicaci\u00f3n incorporada en riego\nAbonadura al voleo.<\/p><\/div><\/div>\t\t\t\t<\/div>\n\t\t\t\t<\/div>\n\t\t\t\t<div class=\"elementor-element elementor-element-794de70 elementor-position-top elementor-widget elementor-widget-image-box\" data-id=\"794de70\" data-element_type=\"widget\" data-widget_type=\"image-box.default\">\n\t\t\t\t<div class=\"elementor-widget-container\">\n\t\t\t\t\t<div class=\"elementor-image-box-wrapper\"><figure class=\"elementor-image-box-img\"><img loading=\"lazy\" decoding=\"async\" width=\"152\" height=\"156\" src=\"https:\/\/www.biogatesplanet.cl\/wp-content\/uploads\/2024\/06\/WhatsApp-Image-2024-06-10-at-10.22.15-AM-3.jpeg\" class=\"attachment-full size-full wp-image-47\" alt=\"\" \/><\/figure><div class=\"elementor-image-box-content\"><h3 class=\"elementor-image-box-title\">VEGOSAN<\/h3><p class=\"elementor-image-box-description\">Contrarresta la acidez del suelo y sub-suelo. Los microorganismos del suelo vuelven a trabajar y se fortifican. Su uso correcto permite aumentar la calidad de frutos y hortalizas adem\u00e1s de mejorar la cantidad de estos. Lo que los hace m\u00e1s sanos y grandes. Por ende, se lograr\u00e1 mejorar el potencial de cosecha e incrementar\u00e1 el volumen de \u00e9sta. APLICACI\u00d3NES\nAbsorci\u00f3n foliar\nIncorporaci\u00f3n directa en suelo\nAplicaci\u00f3n incorporada en riego<\/p><\/div><\/div>\t\t\t\t<\/div>\n\t\t\t\t<\/div>\n\t\t\t\t\t<\/div>\n\t\t\t\t<\/div>\n\t\t<div class=\"elementor-element elementor-element-338f39d e-grid e-con-boxed e-con e-parent\" data-id=\"338f39d\" data-element_type=\"container\">\n\t\t\t\t\t<div class=\"e-con-inner\">\n\t\t\t\t\t<\/div>\n\t\t\t\t<\/div>\n\t\t\t\t<\/div>\n\t\t","protected":false},"excerpt":{"rendered":"<p>AGROSAN Fue dise\u00f1ado para todo tipo de suelo agr\u00edcola,apoyando el crecimiento de plantaciones y por el otro lado acelerando la regeneraci\u00f3n del suelo agr\u00edcola o forestal. APLICACIONES Bioestimulante natural activador y recuperador de suelo en base a la biotecnolog\u00eda agricola. ARBOSAN Es un suplemento que funciona como vitalizador y acelerador de crecimiento. Que adem\u00e1s equilibra [&hellip;]<\/p>\n","protected":false},"author":1,"featured_media":0,"parent":0,"menu_order":0,"comment_status":"closed","ping_status":"closed","template":"","meta":{"footnotes":""},"class_list":["post-14","page","type-page","status-publish","hentry"],"_links":{"self":[{"href":"https:\/\/www.biogatesplanet.cl\/index.php\/wp-json\/wp\/v2\/pages\/14","targetHints":{"allow":["GET"]}}],"collection":[{"href":"https:\/\/www.biogatesplanet.cl\/index.php\/wp-json\/wp\/v2\/pages"}],"about":[{"href":"https:\/\/www.biogatesplanet.cl\/index.php\/wp-json\/wp\/v2\/types\/page"}],"author":[{"embeddable":true,"href":"https:\/\/www.biogatesplanet.cl\/index.php\/wp-json\/wp\/v2\/users\/1"}],"replies":[{"embeddable":true,"href":"https:\/\/www.biogatesplanet.cl\/index.php\/wp-json\/wp\/v2\/comments?post=14"}],"version-history":[{"count":22,"href":"https:\/\/www.biogatesplanet.cl\/index.php\/wp-json\/wp\/v2\/pages\/14\/revisions"}],"predecessor-version":[{"id":363,"href":"https:\/\/www.biogatesplanet.cl\/index.php\/wp-json\/wp\/v2\/pages\/14\/revisions\/363"}],"wp:attachment":[{"href":"https:\/\/www.biogatesplanet.cl\/index.php\/wp-json\/wp\/v2\/media?parent=14"}],"curies":[{"name":"wp","href":"https:\/\/api.w.org\/{rel}","templated":true}]}}